mon divisor of 3 and 364368.
3
What is the highest common divisor of 2860 and 1728?
4
Calculate the highest common divisor of 2505 and 1470.
15
What is the highest common divisor of 73966 and 93?
31
Calculate the highest common factor of 251376 and 144.
48
Calculate the highest common divisor of 1162 and 70.
14
Calculate the highest common divisor of 803 and 331128.
73
Calculate the highest common factor of 7599 and 255.
51
What is the highest common divisor of 585140 and 425?
85
What is the highest common divisor of 47619 and 11544?
1443
What is the greatest common factor of 13696 and 642?
214
What is the greatest common factor of 250325 and 1425?
475
Calculate the greatest common factor of 99375 and 151875.
1875
What is the greatest common factor of 5176 and 42055?
647
What is the highest common divisor of 219744 and 81?
9
Calculate the highest common divisor of 7641 and 54.
27
Calculate the highest common factor of 69295 and 15.
5
What is the greatest common factor of 1570562 and 238?
238
Calculate the highest common factor of 153 and 234216.
9
What is the greatest common factor of 136865 and 310?
155
Calculate the highest common factor of 5205 and 145393.
347
What is the highest common divisor of 850 and 111250?
50
What is the greatest common divisor of 8833 and 293095?
803
Calculate the highest common factor of 90094 and 214.
214
Calculate the greatest common divisor of 9 and 12144.
3
Calculate the greatest common divisor of 1379725 and 10.
5
What is the highest common factor of 589 and 4351?
19
What is the highest common factor of 396 and 12408?
132
What is the greatest common factor of 20710080 and 2397?
2397
What is the greatest common divisor of 12 and 54608?
4
Calculate the greatest common factor of 680 and 15552.
8
Calculate the greatest common divisor of 727434 and 3545.
709
Calculate the greatest common divisor of 5208 and 317037.
651
What is the greatest common factor of 378 and 2124486?
126
Calculate the highest common divisor of 1180995 and 645.
645
Calculate the greatest common divisor of 34907 and 67.
67
What is the greatest common factor of 3584 and 5936?
112
What is the highest common divisor of 810 and 226215?
45
Calculate the greatest common factor of 21 and 66549.
21
What is the greatest common divisor of 8 and 46568?
8
What is the greatest common divisor of 15 and 2634945?
15
What is the greatest common divisor of 1229649 and 23?
23
Calculate the highest common factor of 315000 and 135.
45
What is the highest common factor of 708 and 510232?
236
What is the highest common divisor of 6862 and 1316?
94
Calculate the highest common divisor of 6148 and 96512.
116
What is the highest common factor of 490751 and 4807?
437
What is the greatest common divisor of 445 and 145?
5
Calculate the greatest common factor of 445706 and 51.
17
What is the greatest common divisor of 144175 and 474?
79
What is the greatest common factor of 147649 and 76?
19
What is the highest common divisor of 703 and 2035?
37
What is the greatest common divisor of 36582 and 3417?
201
What is the greatest common divisor of 1017597 and 1031?
1031
What is the greatest common divisor of 108 and 113526?
18
What is the highest common factor of 19785 and 75?
15
Calculate the greatest common factor of 7462813 and 34.
17
What is the highest common factor of 540 and 48036?
12
Calculate the highest common divisor of 16828 and 602.
14
Calculate the highest common divisor of 27466 and 217.
31
What is the highest common divisor of 1242 and 1258698?
138
Calculate the highest common factor of 26036 and 2116.
92
What is the greatest common divisor of 28551 and 279?
93
What is the highest common factor of 1590 and 100?
10
Calculate the highest common factor of 222530 and 10.
10
Calculate the greatest common divisor of 596754 and 1028.
514
What is the greatest common divisor of 44 and 1205006?
22
Calculate the highest common divisor of 10953 and 18.
9
Calculate the highest common factor of 660079 and 490.
49
What is the highest common divisor of 1566 and 675?
27
What is the highest common factor of 521224 and 32?
8
Calculate the highest common factor of 1957 and 27192.
103
Calculate the greatest common divisor of 360 and 26890.
10
Calculate the greatest common factor of 132 and 638.
22
Calculate the greatest common factor of 13440 and 18960.
240
What is the highest common factor of 333 and 981129?
111
What is the greatest common factor of 131796 and 48?
12
What is the highest common divisor of 52200 and 1500?
300
Calculate the greatest common divisor of 152 and 41914.
38
Calculate the greatest common factor of 9650777 and 46.
23
Calculate the greatest common divisor of 18538 and 26772.
46
Calculate the greatest common factor of 3916 and 47348.
356
Calculate the greatest common divisor of 266448 and 61.
61
What is the greatest common divisor of 1334 and 2024?
46
Calculate the greatest common divisor of 77448 and 3024.
168
What is the greatest common factor of 151 and 2561413?
151
What is the greatest common factor of 67519 and 251?
251
What is the greatest common factor of 8 and 114872?
8
What is the greatest common factor of 57 and 82213?
19
What is the greatest common divisor of 24830 and 320?
10
Calculate the greatest common divisor of 1208 and 36089.
151
Calculate the greatest common divisor of 735 and 13720.
245
What is the greatest common factor of 4920 and 292?
4
Calculate the greatest common factor of 25728 and 2592.
96
Calculate the greatest common divisor of 85880 and 228.
76
What is the greatest common divisor of 7391 and 627?
19
What is the highest common factor of 26125 and 7925?
25
Calculate the highest common factor of 2242490 and 70.
10
Calculate the highest common factor of 1243 and 77857.
113
What is the greatest common factor of 76440 and 104?
104
What is the highest common factor of 20 and 31090?
10
What is the highest common divisor of 58093 and 1204?
301
Calculate the highest common divisor of 48 and 110328.
24
Calculate the highest common factor of 49275 and 162.
27
Calculate the highest common divisor of 53972 and 23072.
412
Calculate the greatest common factor of 264441 and 10317.
543
Calculate the greatest common factor of 55581 and 26358.
573
What is the greatest common divisor of 30 and 34455?
15
Calculate the greatest common divisor of 455520 and 1314.
438
Calculate the greatest common divisor of 149492 and 6384.
532
What is the highest common factor of 11 and 36619?
11
What is the highest common factor of 22518 and 2780?
278
Calculate the greatest common factor of 6463545 and 55.
55
Calculate the greatest common factor of 456 and 13794.
114
Calculate the greatest common divisor of 2186524 and 8.
4
Calculate the greatest common factor of 49 and 5341.
49
What is the highest common divisor of 5829 and 493?
29
What is the highest common factor of 22852 and 1740?
116
What is the highest common divisor of 261 and 36468?
9
Calculate the highest common divisor of 115 and 6785.
115
What is the highest common factor of 204 and 493?
17
Calculate the greatest common divisor of 128 and 114624.
64
What is the greatest common divisor of 15072 and 13856?
32
Calculate the highest common divisor of 92 and 502803.
23
What is the highest common factor of 339 and 430756?
113
Calculate the greatest common divisor of 81 and 495855.
27
Calculate the highest common divisor of 177683 and 935.
11
Calculate the highest common divisor of 10304 and 2240.
448
Calculate the highest common factor of 274907 and 28016.
1751
Calculate the greatest common divisor of 182 and 240.
2
Calculate the greatest common factor of 44 and 4770524.
44
What is the greatest common divisor of 85 and 196265?
85
What is the highest common divisor of 992 and 2263?
31
What is the highest common factor of 1342150 and 510?
170
Calculate the greatest common divisor of 104 and 15832.
8
What is the highest common factor of 810459 and 13?
13
Calculate the greatest common factor of 19316 and 467096.
1756
What is the highest common factor of 6435 and 385?
55
Calculate the greatest common divisor of 119448 and 16212.
84
What is the highest common factor of 35438 and 97266?
754
What is the greatest common factor of 4921 and 779?
19
What is the greatest common divisor of 15 and 636945?
15
Calculate the hig